{"id":222,"date":"2017-01-30T10:20:43","date_gmt":"2017-01-30T10:20:43","guid":{"rendered":"https:\/\/desafioamarelo.abaae.pt\/biodiversidade\/?page_id=222"},"modified":"2025-11-20T10:21:58","modified_gmt":"2025-11-20T10:21:58","slug":"inicio","status":"publish","type":"page","link":"https:\/\/desafioamarelo.abaae.pt\/biodiversidade\/","title":{"rendered":"In\u00edcio"},"content":{"rendered":"<p>[et_pb_section fb_built=&#8221;1&#8243; fullwidth=&#8221;on&#8221; _builder_version=&#8221;4.27.4&#8243; global_module=&#8221;413&#8243; global_colors_info=&#8221;{}&#8221;][et_pb_fullwidth_header title=&#8221;Cuidar dos Animais, Cuidar do Ambiente&#8221; background_overlay_color=&#8221;#ffe111&#8243; admin_label=&#8221;Fullwidth Header&#8221; _builder_version=&#8221;4.27.4&#8243; background_color=&#8221;#ffdf18&#8243; background_layout=&#8221;light&#8221; button_one_letter_spacing_hover=&#8221;0&#8243; button_two_letter_spacing_hover=&#8221;0&#8243; global_colors_info=&#8221;{}&#8221; button_one_text_size__hover_enabled=&#8221;off&#8221; button_two_text_size__hover_enabled=&#8221;off&#8221; button_one_text_color__hover_enabled=&#8221;off&#8221; button_two_text_color__hover_enabled=&#8221;off&#8221; button_one_border_width__hover_enabled=&#8221;off&#8221; button_two_border_width__hover_enabled=&#8221;off&#8221; button_one_border_color__hover_enabled=&#8221;off&#8221; button_two_border_color__hover_enabled=&#8221;off&#8221; button_one_border_radius__hover_enabled=&#8221;off&#8221; button_two_border_radius__hover_enabled=&#8221;off&#8221; button_one_letter_spacing__hover_enabled=&#8221;on&#8221; button_one_letter_spacing__hover=&#8221;0&#8243; button_two_letter_spacing__hover_enabled=&#8221;on&#8221; button_two_letter_spacing__hover=&#8221;0&#8243; button_one_bg_color__hover_enabled=&#8221;off&#8221; button_two_bg_color__hover_enabled=&#8221;off&#8221;]<\/p>\n<p>Desafio Tetrapak | Compal 2025<br \/><img class=\"a35-image-header wp-image-926 size-full alignnone\" alt=\"\" width=\"0\" height=\"0\" \/><\/p>\n<p>[\/et_pb_fullwidth_header][\/et_pb_section][et_pb_section fb_built=&#8221;1&#8243; admin_label=&#8221;section&#8221; _builder_version=&#8221;4.16&#8243; global_colors_info=&#8221;{}&#8221;][et_pb_row column_structure=&#8221;1_3,1_3,1_3&#8243; use_custom_gutter=&#8221;on&#8221; gutter_width=&#8221;1&#8243; make_equal=&#8221;on&#8221; admin_label=&#8221;Images Trio&#8221; module_class=&#8221;a35-images-trio&#8221; _builder_version=&#8221;4.27.4&#8243; _module_preset=&#8221;default&#8221; global_colors_info=&#8221;{}&#8221;][et_pb_column type=&#8221;1_3&#8243; _builder_version=&#8221;4.27.4&#8243; _module_preset=&#8221;default&#8221; global_colors_info=&#8221;{}&#8221;][et_pb_image src=&#8221;https:\/\/desafioamarelo.abaae.pt\/biodiversidade\/wp-content\/uploads\/sites\/2\/2025\/05\/lince.png&#8221; alt=&#8221;Cuidar dos Animais, Cuidar do Ambiente&#8221; title_text=&#8221;lince&#8221; align=&#8221;center&#8221; _builder_version=&#8221;4.27.4&#8243; _module_preset=&#8221;default&#8221; global_colors_info=&#8221;{}&#8221;][\/et_pb_image][\/et_pb_column][et_pb_column type=&#8221;1_3&#8243; _builder_version=&#8221;4.27.4&#8243; _module_preset=&#8221;default&#8221; global_colors_info=&#8221;{}&#8221;][et_pb_image src=&#8221;https:\/\/desafioamarelo.abaae.pt\/biodiversidade\/wp-content\/uploads\/sites\/2\/2025\/05\/aguia.png&#8221; alt=&#8221;Cuidar dos Animais, Cuidar do Ambiente&#8221; title_text=&#8221;aguia&#8221; align=&#8221;center&#8221; _builder_version=&#8221;4.27.4&#8243; _module_preset=&#8221;default&#8221; global_colors_info=&#8221;{}&#8221;][\/et_pb_image][\/et_pb_column][et_pb_column type=&#8221;1_3&#8243; _builder_version=&#8221;4.27.4&#8243; _module_preset=&#8221;default&#8221; global_colors_info=&#8221;{}&#8221;][et_pb_image src=&#8221;https:\/\/desafioamarelo.abaae.pt\/biodiversidade\/wp-content\/uploads\/sites\/2\/2025\/05\/baleia.png&#8221; alt=&#8221;Cuidar dos Animais, Cuidar do Ambiente&#8221; title_text=&#8221;baleia&#8221; align=&#8221;center&#8221; _builder_version=&#8221;4.27.4&#8243; _module_preset=&#8221;default&#8221; global_colors_info=&#8221;{}&#8221;][\/et_pb_image][\/et_pb_column][\/et_pb_row][et_pb_row _builder_version=&#8221;4.16&#8243; global_colors_info=&#8221;{}&#8221;][et_pb_column type=&#8221;4_4&#8243; _builder_version=&#8221;4.16&#8243; custom_padding=&#8221;|||&#8221; global_colors_info=&#8221;{}&#8221; custom_padding__hover=&#8221;|||&#8221;][et_pb_text _builder_version=&#8221;4.27.4&#8243; _module_preset=&#8221;default&#8221; hover_enabled=&#8221;0&#8243; global_colors_info=&#8221;{}&#8221; sticky_enabled=&#8221;0&#8243;]<\/p>\n<h3>No dia 22 de maio comemora-se o <strong>Dia Internacional da Biodiversidade<\/strong>: um dia para alertar as pessoas para a import\u00e2ncia da preserva\u00e7\u00e3o dos ecossistemas e das esp\u00e9cies.<\/h3>\n<p>&nbsp;<\/p>\n<h4>A Tetra Pak e a Compal precisam da tua ajuda para fazer chegar esta mensagem mais longe e desafiam-te a criar o teu animal preferido com embalagens usadas da Compal.<\/h4>\n<h4>Os trabalhos mais originais ganham pr\u00e9mios para a escola! E n\u00e3o te esque\u00e7as, estejas onde estiveres coloca sempre os pacotes de bebidas no ecoponto amarelo para reciclar.<\/h4>\n<p>[\/et_pb_text][et_pb_button _builder_version=&#8221;4.27.4&#8243; _module_preset=&#8221;default&#8221; button_text=&#8221;Ver o Regulamento&#8221; url_new_window=&#8221;on&#8221; button_url=&#8221;@ET-DC@eyJkeW5hbWljIjp0cnVlLCJjb250ZW50IjoicG9zdF9saW5rX3VybF9wYWdlIiwic2V0dGluZ3MiOnsicG9zdF9pZCI6IjYifX0=@&#8221; _dynamic_attributes=&#8221;button_url&#8221; hover_enabled=&#8221;0&#8243; sticky_enabled=&#8221;0&#8243; button_alignment=&#8221;center&#8221; custom_button=&#8221;on&#8221; button_text_color=&#8221;#333333&#8243; button_bg_use_color_gradient=&#8221;on&#8221; button_bg_color_gradient_stops=&#8221;#fff24c 0%|#fdd634 100%&#8221; button_border_width=&#8221;1px&#8221; button_border_color=&#8221;#fdd634&#8243; button_border_radius=&#8221;10px&#8221; button_font=&#8221;|600|||||||&#8221; custom_padding=&#8221;10px||10px||true|false&#8221; custom_margin=&#8221;50px||||false|false&#8221;][\/et_pb_button][\/et_pb_column][\/et_pb_row][\/et_pb_section][et_pb_section fb_built=&#8221;1&#8243; admin_label=&#8221;section&#8221; _builder_version=&#8221;4.16&#8243; top_divider_style=&#8221;arrow2&#8243; top_divider_color=&#8221;rgba(253,192,24,0.25)&#8221; top_divider_height=&#8221;5px&#8221; top_divider_repeat=&#8221;1x&#8221; top_divider_arrangement=&#8221;above_content&#8221; global_colors_info=&#8221;{}&#8221;][et_pb_row column_structure=&#8221;1_3,1_3,1_3&#8243; _builder_version=&#8221;4.16&#8243; global_colors_info=&#8221;{}&#8221;][et_pb_column type=&#8221;1_3&#8243; _builder_version=&#8221;4.16&#8243; custom_padding=&#8221;|||&#8221; global_colors_info=&#8221;{}&#8221; custom_padding__hover=&#8221;|||&#8221;][et_pb_image src=&#8221;https:\/\/desafioamarelo.abaae.pt\/biodiversidade\/wp-content\/uploads\/sites\/2\/2025\/05\/Biodiversidade3.jpg&#8221; alt=&#8221;Ver o P\u00f3ster&#8221; title_text=&#8221;Ver o P\u00f3ster&#8221; url=&#8221;https:\/\/desafioamarelo.abaae.pt\/wp-content\/uploads\/sites\/2\/2025\/05\/Biodiversidade3.pdf&#8221; url_new_window=&#8221;on&#8221; align=&#8221;center&#8221; _builder_version=&#8221;4.27.4&#8243; _module_preset=&#8221;default&#8221; box_shadow_style=&#8221;preset1&#8243; global_colors_info=&#8221;{}&#8221; transform_styles__hover_enabled=&#8221;off|desktop&#8221; transform_scale__hover_enabled=&#8221;off|desktop&#8221; transform_translate__hover_enabled=&#8221;off|desktop&#8221; transform_rotate__hover_enabled=&#8221;off|desktop&#8221; transform_skew__hover_enabled=&#8221;off|desktop&#8221; transform_origin__hover_enabled=&#8221;off|desktop&#8221;][\/et_pb_image][\/et_pb_column][et_pb_column type=&#8221;1_3&#8243; _builder_version=&#8221;4.16&#8243; custom_padding=&#8221;|||&#8221; global_colors_info=&#8221;{}&#8221; custom_padding__hover=&#8221;|||&#8221;][et_pb_image src=&#8221;https:\/\/desafioamarelo.abaae.pt\/biodiversidade\/wp-content\/uploads\/sites\/2\/2025\/05\/Biodiversidade2.jpg&#8221; alt=&#8221;Ver o P\u00f3ster&#8221; title_text=&#8221;Ver o P\u00f3ster&#8221; url=&#8221;https:\/\/desafioamarelo.abaae.pt\/wp-content\/uploads\/sites\/2\/2025\/05\/Biodiversidade2.pdf&#8221; url_new_window=&#8221;on&#8221; align=&#8221;center&#8221; _builder_version=&#8221;4.27.4&#8243; _module_preset=&#8221;default&#8221; box_shadow_style=&#8221;preset1&#8243; global_colors_info=&#8221;{}&#8221;][\/et_pb_image][\/et_pb_column][et_pb_column type=&#8221;1_3&#8243; _builder_version=&#8221;4.16&#8243; custom_padding=&#8221;|||&#8221; global_colors_info=&#8221;{}&#8221; custom_padding__hover=&#8221;|||&#8221;][et_pb_image src=&#8221;https:\/\/desafioamarelo.abaae.pt\/biodiversidade\/wp-content\/uploads\/sites\/2\/2025\/05\/Biodiversidade1.jpg&#8221; alt=&#8221;Ver o P\u00f3ster&#8221; title_text=&#8221;Ver o P\u00f3ster&#8221; url=&#8221;https:\/\/desafioamarelo.abaae.pt\/wp-content\/uploads\/sites\/2\/2025\/05\/Biodiversidade1.pdf&#8221; url_new_window=&#8221;on&#8221; align=&#8221;center&#8221; _builder_version=&#8221;4.27.4&#8243; _module_preset=&#8221;default&#8221; box_shadow_style=&#8221;preset1&#8243; global_colors_info=&#8221;{}&#8221;][\/et_pb_image][\/et_pb_column][\/et_pb_row][\/et_pb_section][et_pb_section fb_built=&#8221;1&#8243; _builder_version=&#8221;4.14.2&#8243; custom_margin=&#8221;||10px||false|false&#8221; custom_padding=&#8221;24px||0px||false|false&#8221; top_divider_style=&#8221;arrow3&#8243; top_divider_color=&#8221;rgba(253,192,24,0.2)&#8221; top_divider_height=&#8221;4px&#8221; top_divider_flip=&#8221;vertical&#8221; global_module=&#8221;1057&#8243; global_colors_info=&#8221;{}&#8221;][et_pb_row column_structure=&#8221;1_2,1_2&#8243; _builder_version=&#8221;4.27.4&#8243; _module_preset=&#8221;default&#8221; global_colors_info=&#8221;{}&#8221;][et_pb_column type=&#8221;1_2&#8243; _builder_version=&#8221;4.27.4&#8243; _module_preset=&#8221;default&#8221; global_colors_info=&#8221;{}&#8221;][et_pb_text admin_label=&#8221;Iniciativa&#8221; _builder_version=&#8221;4.27.4&#8243; _module_preset=&#8221;default&#8221; global_colors_info=&#8221;{}&#8221;]INICIATIVA<\/p>\n<p><a href=\"http:\/\/www.tetrapak.com\/pt\" target=\"_blank\" rel=\"noopener noreferrer\"><img loading=\"lazy\" decoding=\"async\" class=\"alignnone wp-image-101\" src=\"https:\/\/desafioamarelo.abaae.pt\/wp-content\/uploads\/2025\/05\/stamp_rgb_pt_small.png\" alt=\"stamp_rgb_pt_small\" width=\"80\" height=\"80\" \/><\/a>\u00a0<a href=\"https:\/\/compal.pt\/\" target=\"_blank\" rel=\"noopener noreferrer\"><img loading=\"lazy\" decoding=\"async\" class=\"alignnone size-full wp-image-497\" src=\"https:\/\/desafioamarelo.abaae.pt\/wp-content\/uploads\/2025\/05\/Compal2.png\" alt=\"\" width=\"122\" height=\"90\" \/><\/a>[\/et_pb_text][\/et_pb_column][et_pb_column type=&#8221;1_2&#8243; _builder_version=&#8221;4.27.4&#8243; _module_preset=&#8221;default&#8221; global_colors_info=&#8221;{}&#8221;][et_pb_text admin_label=&#8221;Coordena\u00e7\u00e3o&#8221; _builder_version=&#8221;4.27.4&#8243; _module_preset=&#8221;default&#8221; global_colors_info=&#8221;{}&#8221;]<\/p>\n<p>COORDENA\u00c7\u00c3O<\/p>\n<p><a href=\"https:\/\/abaae.pt\/\" target=\"_blank\" rel=\"noopener noreferrer\"><img loading=\"lazy\" decoding=\"async\" class=\"alignnone wp-image-101\" src=\"https:\/\/desafioamarelo.abaae.pt\/wp-content\/uploads\/2025\/05\/ABAAE_Logotipo_cores_transparente_no_space.png\" alt=\"Associa\u00e7\u00e3o Bandeira Azul de Ambiente e Educa\u00e7\u00e3o\" width=\"218\" height=\"90\" \/><\/a>\u00a0<a href=\"https:\/\/ecoescolas.abaae.pt\/\" target=\"_blank\" rel=\"noopener noreferrer\"><img loading=\"lazy\" decoding=\"async\" class=\"alignnone wp-image-497\" src=\"https:\/\/desafioamarelo.abaae.pt\/wp-content\/uploads\/2025\/05\/es_logo_high_res.png\" alt=\"Programa Eco-Escolas\" width=\"97\" height=\"96\" \/><\/a><\/p>\n<p>[\/et_pb_text][\/et_pb_column][\/et_pb_row][\/et_pb_section]<\/p>\n","protected":false},"excerpt":{"rendered":"<p>Desafio Tetrapak | Compal 2025No dia 22 de maio comemora-se o Dia Internacional da Biodiversidade: um dia para alertar as pessoas para a import\u00e2ncia da preserva\u00e7\u00e3o dos ecossistemas e das esp\u00e9cies. &nbsp; A Tetra Pak e a Compal precisam da tua ajuda para fazer chegar esta mensagem mais longe e desafiam-te a criar o teu [&hellip;]<\/p>\n","protected":false},"author":3,"featured_media":0,"parent":0,"menu_order":0,"comment_status":"closed","ping_status":"closed","template":"","meta":{"_et_pb_use_builder":"on","_et_pb_old_content":"","_et_gb_content_width":"","footnotes":""},"class_list":["post-222","page","type-page","status-publish","hentry"],"_links":{"self":[{"href":"https:\/\/desafioamarelo.abaae.pt\/biodiversidade\/wp-json\/wp\/v2\/pages\/222","targetHints":{"allow":["GET"]}}],"collection":[{"href":"https:\/\/desafioamarelo.abaae.pt\/biodiversidade\/wp-json\/wp\/v2\/pages"}],"about":[{"href":"https:\/\/desafioamarelo.abaae.pt\/biodiversidade\/wp-json\/wp\/v2\/types\/page"}],"author":[{"embeddable":true,"href":"https:\/\/desafioamarelo.abaae.pt\/biodiversidade\/wp-json\/wp\/v2\/users\/3"}],"replies":[{"embeddable":true,"href":"https:\/\/desafioamarelo.abaae.pt\/biodiversidade\/wp-json\/wp\/v2\/comments?post=222"}],"version-history":[{"count":102,"href":"https:\/\/desafioamarelo.abaae.pt\/biodiversidade\/wp-json\/wp\/v2\/pages\/222\/revisions"}],"predecessor-version":[{"id":1559,"href":"https:\/\/desafioamarelo.abaae.pt\/biodiversidade\/wp-json\/wp\/v2\/pages\/222\/revisions\/1559"}],"wp:attachment":[{"href":"https:\/\/desafioamarelo.abaae.pt\/biodiversidade\/wp-json\/wp\/v2\/media?parent=222"}],"curies":[{"name":"wp","href":"https:\/\/api.w.org\/{rel}","templated":true}]}}

Início

<p>[et_pb_section fb_built=&#8221;1&#8243; fullwidth=&#8221;on&#8221; _builder_version=&#8221;4.27.4&#8243; global_module=&#8221;413&#8243; global_colors_info=&#8221;{}&#8221;][et_pb_fullwidth_header title=&#8221;Cuidar dos Animais, Cuidar do Ambiente&#8221; background_overlay_color=&#8221;#ffe111&#8243; admin_label=&#8221;Fullwidth Header&#8221; _builder_version=&#8221;4.27.4&#8243; background_color=&#8221;#ffdf18&#8243; background_layout=&#8221;light&#8221; button_one_letter_spacing_hover=&#8221;0&#8243; button_two_letter_spacing_hover=&#8221;0&#8243; global_colors_info=&#8221;{}&#8221; button_one_text_size__hover_enabled=&#8221;off&#8221; button_two_text_size__hover_enabled=&#8221;off&#8221; button_one_text_color__hover_enabled=&#8221;off&#8221; button_two_text_color__hover_enabled=&#8221;off&#8221; button_one_border_width__hover_enabled=&#8221;off&#8221; button_two_border_width__hover_enabled=&#8221;off&#8221; button_one_border_color__hover_enabled=&#8221;off&#8221; button_two_border_color__hover_enabled=&#8221;off&#8221; button_one_border_radius__hover_enabled=&#8221;off&#8221; button_two_border_radius__hover_enabled=&#8221;off&#8221; button_one_letter_spacing__hover_enabled=&#8221;on&#8221; button_one_letter_spacing__hover=&#8221;0&#8243; button_two_letter_spacing__hover_enabled=&#8221;on&#8221; button_two_letter_spacing__hover=&#8221;0&#8243; button_one_bg_color__hover_enabled=&#8221;off&#8221; button_two_bg_color__hover_enabled=&#8221;off&#8221;]</p>
<p>Desafio Tetrapak | Compal 2025<br /><img class="a35-image-header wp-image-926 size-full alignnone" alt="" width="0" height="0" /></p>
<p>[/et_pb_fullwidth_header][/et_pb_section][et_pb_section fb_built=&#8221;1&#8243; admin_label=&#8221;section&#8221; _builder_version=&#8221;4.16&#8243; global_colors_info=&#8221;{}&#8221;][et_pb_row column_structure=&#8221;1_3,1_3,1_3&#8243; use_custom_gutter=&#8221;on&#8221; gutter_width=&#8221;1&#8243; make_equal=&#8221;on&#8221; admin_label=&#8221;Images Trio&#8221; module_class=&#8221;a35-images-trio&#8221; _builder_version=&#8221;4.27.4&#8243; _module_preset=&#8221;default&#8221; global_colors_info=&#8221;{}&#8221;][et_pb_column type=&#8221;1_3&#8243; _builder_version=&#8221;4.27.4&#8243; _module_preset=&#8221;default&#8221; global_colors_info=&#8221;{}&#8221;][et_pb_image src=&#8221;https://desafioamarelo.abaae.pt/biodiversidade/wp-content/uploads/sites/2/2025/05/lince.png&#8221; alt=&#8221;Cuidar dos Animais, Cuidar do Ambiente&#8221; title_text=&#8221;lince&#8221; align=&#8221;center&#8221; _builder_version=&#8221;4.27.4&#8243; _module_preset=&#8221;default&#8221; global_colors_info=&#8221;{}&#8221;][/et_pb_image][/et_pb_column][et_pb_column type=&#8221;1_3&#8243; _builder_version=&#8221;4.27.4&#8243; _module_preset=&#8221;default&#8221; global_colors_info=&#8221;{}&#8221;][et_pb_image src=&#8221;https://desafioamarelo.abaae.pt/biodiversidade/wp-content/uploads/sites/2/2025/05/aguia.png&#8221; alt=&#8221;Cuidar dos Animais, Cuidar do Ambiente&#8221; title_text=&#8221;aguia&#8221; align=&#8221;center&#8221; _builder_version=&#8221;4.27.4&#8243; _module_preset=&#8221;default&#8221; global_colors_info=&#8221;{}&#8221;][/et_pb_image][/et_pb_column][et_pb_column type=&#8221;1_3&#8243; _builder_version=&#8221;4.27.4&#8243; _module_preset=&#8221;default&#8221; global_colors_info=&#8221;{}&#8221;][et_pb_image src=&#8221;https://desafioamarelo.abaae.pt/biodiversidade/wp-content/uploads/sites/2/2025/05/baleia.png&#8221; alt=&#8221;Cuidar dos Animais, Cuidar do Ambiente&#8221; title_text=&#8221;baleia&#8221; align=&#8221;center&#8221; _builder_version=&#8221;4.27.4&#8243; _module_preset=&#8221;default&#8221; global_colors_info=&#8221;{}&#8221;][/et_pb_image][/et_pb_column][/et_pb_row][et_pb_row _builder_version=&#8221;4.16&#8243; global_colors_info=&#8221;{}&#8221;][et_pb_column type=&#8221;4_4&#8243; _builder_version=&#8221;4.16&#8243; custom_padding=&#8221;|||&#8221; global_colors_info=&#8221;{}&#8221; custom_padding__hover=&#8221;|||&#8221;][et_pb_text _builder_version=&#8221;4.27.4&#8243; _module_preset=&#8221;default&#8221; hover_enabled=&#8221;0&#8243; global_colors_info=&#8221;{}&#8221; sticky_enabled=&#8221;0&#8243;]</p>
<h3>No dia 22 de maio comemora-se o <strong>Dia Internacional da Biodiversidade</strong>: um dia para alertar as pessoas para a importância da preservação dos ecossistemas e das espécies.</h3>
<p>&nbsp;</p>
<h4>A Tetra Pak e a Compal precisam da tua ajuda para fazer chegar esta mensagem mais longe e desafiam-te a criar o teu animal preferido com embalagens usadas da Compal.</h4>
<h4>Os trabalhos mais originais ganham prémios para a escola! E não te esqueças, estejas onde estiveres coloca sempre os pacotes de bebidas no ecoponto amarelo para reciclar.</h4>
<p>[/et_pb_text][et_pb_button _builder_version=&#8221;4.27.4&#8243; _module_preset=&#8221;default&#8221; button_text=&#8221;Ver o Regulamento&#8221; url_new_window=&#8221;on&#8221; button_url=&#8221;@ET-DC@eyJkeW5hbWljIjp0cnVlLCJjb250ZW50IjoicG9zdF9saW5rX3VybF9wYWdlIiwic2V0dGluZ3MiOnsicG9zdF9pZCI6IjYifX0=@&#8221; _dynamic_attributes=&#8221;button_url&#8221; hover_enabled=&#8221;0&#8243; sticky_enabled=&#8221;0&#8243; button_alignment=&#8221;center&#8221; custom_button=&#8221;on&#8221; button_text_color=&#8221;#333333&#8243; button_bg_use_color_gradient=&#8221;on&#8221; button_bg_color_gradient_stops=&#8221;#fff24c 0%|#fdd634 100%&#8221; button_border_width=&#8221;1px&#8221; button_border_color=&#8221;#fdd634&#8243; button_border_radius=&#8221;10px&#8221; button_font=&#8221;|600|||||||&#8221; custom_padding=&#8221;10px||10px||true|false&#8221; custom_margin=&#8221;50px||||false|false&#8221;][/et_pb_button][/et_pb_column][/et_pb_row][/et_pb_section][et_pb_section fb_built=&#8221;1&#8243; admin_label=&#8221;section&#8221; _builder_version=&#8221;4.16&#8243; top_divider_style=&#8221;arrow2&#8243; top_divider_color=&#8221;rgba(253,192,24,0.25)&#8221; top_divider_height=&#8221;5px&#8221; top_divider_repeat=&#8221;1x&#8221; top_divider_arrangement=&#8221;above_content&#8221; global_colors_info=&#8221;{}&#8221;][et_pb_row column_structure=&#8221;1_3,1_3,1_3&#8243; _builder_version=&#8221;4.16&#8243; global_colors_info=&#8221;{}&#8221;][et_pb_column type=&#8221;1_3&#8243; _builder_version=&#8221;4.16&#8243; custom_padding=&#8221;|||&#8221; global_colors_info=&#8221;{}&#8221; custom_padding__hover=&#8221;|||&#8221;][et_pb_image src=&#8221;https://desafioamarelo.abaae.pt/biodiversidade/wp-content/uploads/sites/2/2025/05/Biodiversidade3.jpg&#8221; alt=&#8221;Ver o Póster&#8221; title_text=&#8221;Ver o Póster&#8221; url=&#8221;https://desafioamarelo.abaae.pt/wp-content/uploads/sites/2/2025/05/Biodiversidade3.pdf&#8221; url_new_window=&#8221;on&#8221; align=&#8221;center&#8221; _builder_version=&#8221;4.27.4&#8243; _module_preset=&#8221;default&#8221; box_shadow_style=&#8221;preset1&#8243; global_colors_info=&#8221;{}&#8221; transform_styles__hover_enabled=&#8221;off|desktop&#8221; transform_scale__hover_enabled=&#8221;off|desktop&#8221; transform_translate__hover_enabled=&#8221;off|desktop&#8221; transform_rotate__hover_enabled=&#8221;off|desktop&#8221; transform_skew__hover_enabled=&#8221;off|desktop&#8221; transform_origin__hover_enabled=&#8221;off|desktop&#8221;][/et_pb_image][/et_pb_column][et_pb_column type=&#8221;1_3&#8243; _builder_version=&#8221;4.16&#8243; custom_padding=&#8221;|||&#8221; global_colors_info=&#8221;{}&#8221; custom_padding__hover=&#8221;|||&#8221;][et_pb_image src=&#8221;https://desafioamarelo.abaae.pt/biodiversidade/wp-content/uploads/sites/2/2025/05/Biodiversidade2.jpg&#8221; alt=&#8221;Ver o Póster&#8221; title_text=&#8221;Ver o Póster&#8221; url=&#8221;https://desafioamarelo.abaae.pt/wp-content/uploads/sites/2/2025/05/Biodiversidade2.pdf&#8221; url_new_window=&#8221;on&#8221; align=&#8221;center&#8221; _builder_version=&#8221;4.27.4&#8243; _module_preset=&#8221;default&#8221; box_shadow_style=&#8221;preset1&#8243; global_colors_info=&#8221;{}&#8221;][/et_pb_image][/et_pb_column][et_pb_column type=&#8221;1_3&#8243; _builder_version=&#8221;4.16&#8243; custom_padding=&#8221;|||&#8221; global_colors_info=&#8221;{}&#8221; custom_padding__hover=&#8221;|||&#8221;][et_pb_image src=&#8221;https://desafioamarelo.abaae.pt/biodiversidade/wp-content/uploads/sites/2/2025/05/Biodiversidade1.jpg&#8221; alt=&#8221;Ver o Póster&#8221; title_text=&#8221;Ver o Póster&#8221; url=&#8221;https://desafioamarelo.abaae.pt/wp-content/uploads/sites/2/2025/05/Biodiversidade1.pdf&#8221; url_new_window=&#8221;on&#8221; align=&#8221;center&#8221; _builder_version=&#8221;4.27.4&#8243; _module_preset=&#8221;default&#8221; box_shadow_style=&#8221;preset1&#8243; global_colors_info=&#8221;{}&#8221;][/et_pb_image][/et_pb_column][/et_pb_row][/et_pb_section][et_pb_section fb_built=&#8221;1&#8243; _builder_version=&#8221;4.14.2&#8243; custom_margin=&#8221;||10px||false|false&#8221; custom_padding=&#8221;24px||0px||false|false&#8221; top_divider_style=&#8221;arrow3&#8243; top_divider_color=&#8221;rgba(253,192,24,0.2)&#8221; top_divider_height=&#8221;4px&#8221; top_divider_flip=&#8221;vertical&#8221; global_module=&#8221;1057&#8243; global_colors_info=&#8221;{}&#8221;][et_pb_row column_structure=&#8221;1_2,1_2&#8243; _builder_version=&#8221;4.27.4&#8243; _module_preset=&#8221;default&#8221; global_colors_info=&#8221;{}&#8221;][et_pb_column type=&#8221;1_2&#8243; _builder_version=&#8221;4.27.4&#8243; _module_preset=&#8221;default&#8221; global_colors_info=&#8221;{}&#8221;][et_pb_text admin_label=&#8221;Iniciativa&#8221; _builder_version=&#8221;4.27.4&#8243; _module_preset=&#8221;default&#8221; global_colors_info=&#8221;{}&#8221;]INICIATIVA</p>
<p><a href="http://www.tetrapak.com/pt" target="_blank" rel="noopener noreferrer"><img loading="lazy" decoding="async" class="alignnone wp-image-101" src="https://desafioamarelo.abaae.pt/wp-content/uploads/2025/05/stamp_rgb_pt_small.png" alt="stamp_rgb_pt_small" width="80" height="80" /></a> <a href="https://compal.pt/" target="_blank" rel="noopener noreferrer"><img loading="lazy" decoding="async" class="alignnone size-full wp-image-497" src="https://desafioamarelo.abaae.pt/wp-content/uploads/2025/05/Compal2.png" alt="" width="122" height="90" /></a>[/et_pb_text][/et_pb_column][et_pb_column type=&#8221;1_2&#8243; _builder_version=&#8221;4.27.4&#8243; _module_preset=&#8221;default&#8221; global_colors_info=&#8221;{}&#8221;][et_pb_text admin_label=&#8221;Coordenação&#8221; _builder_version=&#8221;4.27.4&#8243; _module_preset=&#8221;default&#8221; global_colors_info=&#8221;{}&#8221;]</p>
<p>COORDENAÇÃO</p>
<p><a href="https://abaae.pt/" target="_blank" rel="noopener noreferrer"><img loading="lazy" decoding="async" class="alignnone wp-image-101" src="https://desafioamarelo.abaae.pt/wp-content/uploads/2025/05/ABAAE_Logotipo_cores_transparente_no_space.png" alt="Associação Bandeira Azul de Ambiente e Educação" width="218" height="90" /></a> <a href="https://ecoescolas.abaae.pt/" target="_blank" rel="noopener noreferrer"><img loading="lazy" decoding="async" class="alignnone wp-image-497" src="https://desafioamarelo.abaae.pt/wp-content/uploads/2025/05/es_logo_high_res.png" alt="Programa Eco-Escolas" width="97" height="96" /></a></p>
<p>[/et_pb_text][/et_pb_column][/et_pb_row][/et_pb_section]</p>

<p>Desafio Tetrapak | Compal 2025No dia 22 de maio comemora-se o Dia Internacional da Biodiversidade: um dia para alertar as pessoas para a importância da preservação dos ecossistemas e das espécies. &nbsp; A Tetra Pak e a Compal precisam da tua ajuda para fazer chegar esta mensagem mais longe e desafiam-te a criar o teu [&hellip;]</p>
